((28 - 17) + -10))?
-19
Calculate -2 + (2 - 2) - (-13 - -9).
2
Calculate 9 - (23 - 21 - 3).
10
Evaluate 6 + (-3 - 6) - 3.
-6
What is (61 - 61) + (-1 - -1) + 14?
14
-492 + 495 + (2 - -1)
6
(-26 - -1) + -1 + 4892 + -4892
-26
Calculate 20 + (-5 - (-6 - -17)).
4
Calculate -2 - -50 - (73 + -40).
15
Evaluate 3 + (-20 - (-22 + 15)).
-10
Evaluate 9 - (-13 - -12 - -10).
0
What is -18 + (60 - (57 + -37))?
22
What is 7 + -13 + -8 - (-8 - -7)?
-13
What is -19 - -7 - -13 - -2?
3
What is the value of 0 + (-2 - 35) + 22?
-15
What is the value of -5 + (3 - (0 - 0)) - -3?
1
What is the value of (1 - 2 - 0) + (1 - -2)?
2
Evaluate (2 - 2) + (-1 - (13 + -4 - 7)).
-3
What is -34 - (-12 + -3) - (-39 + -11)?
31
What is 11 + (8 - (-10 + 13 - -6)) - -9?
19
Evaluate -27 + (24 - 14) - (-8 - -3).
-12
(2 - 3) + (39 + -39 - (4 + -4))
-1
What is the value of -7 + 2 + (11 - 18 - (0 - -3))?
-15
What is the value of 10 - (4 + -5 + 11)?
0
Evaluate 1 + -9 + 5 + 1 + 4 + 5.
7
What is the value of 13 + (-6 - 15 - -11)?
3
What is 18 + 17 - 32 - -13?
16
What is (4 - 6) + 17 + -6 + 7?
16
Calculate 4 + (2 - ((-8 - (5 + -11)) + 4)).
4
What is the value of (1 - (2 + -9)) + (-1 - -1)?
8
What is 54 - 57 - (4 - (3 + 5) - -3)?
-2
Evaluate (1 - (-6 + -8 + 4)) + -2 + -42.
-33
What is the value of (4 - (9 - 9 - -6)) + -9?
-11
What is (0 - (-3 - -3) - (-4 + 5)) + 0?
-1
Calculate -6 + (-17 - -15) + 3 + -6 + -1.
-12
(-41 - -17) + (1 - -1)
-22
Evaluate 3 - (-5 + 3) - (-16 + 22) - 5.
-6
What is the value of -4 + (-14 - -29) + -16?
-5
What is -22 + 1 + (-28 - -44) + 9?
4
-449 + 468 - (-1 - -2)
18
Evaluate (14 - 14) + -9 - -1.
-8
What is the value of 26 + -1 + -27 + 6?
4
Evaluate (-12 - ((5 - 6) + -5)) + 15.
9
What is the value of (-2 - -8) + 53 + -58?
1
Calculate 2 + -18 + (13 - 15) - 3.
-21
What is -16 - (-26 + (-3 - -20))?
-7
(-6 + 8 + -11 - 3) + -5 + 8
-9
What is the value of (-13 - -2) + (44 - 25) - 17?
-9
Evaluate -4 + -11 + -7 + 3 + -1.
-20
8 - (10 + 0 + (-5 - 14))
17
(-1 - -7 - -1 - 10) + -9
-12
-13 - -12 - 3 - (-17 - (1 + -2))
12
Calculate -17 + (12 - (-10 - -21)).
-16
Evaluate -30 - -6 - (1 - 10).
-15
What is the value of -26 - (-33 - (1 - 19))?
-11
What is (7 - 17) + (37 - (41 + -20))?
6
What is the value of -5 + -5 + -5 + 24 + -5 + -6?
-2
What is the value of (43 - 30) + 4 - 10?
7
What is (0 - 5 - (-98 + 102)) + 25?
16
(-3 - 10) + (100 - 74)
13
-2 - (-13 + 17 - -2)
-8
Evaluate 13 + (4 - 15) + -13.
-11
What is the value of -14 - (14 - (33 - -16)) - 12?
9
(-10 - ((-8 - -6) + -18)) + -5 + 4
9
Calculate 9 + 0 + -600 + 594 + (-9 - -1).
-5
-111 + 111 - (3 + -1)
-2
What is 4 + 20 + -10 - (-6 - (-4 - -3))?
19
Calculate 5 + (9 - (-3 - -12)) + -1.
4
Calculate (11 - -4 - 4) + (24 - 20).
15
What is (-1 - -16) + 0 - (11 - -7)?
-3
What is -21 + 2 + (303 - 288)?
-4
What is the value of (-117 - -105) + (-1 - -15)?
2
Evaluate 14 + (-7 - -1) - (17 + -1) - 14.
-22
1 + 14 + (-12 - 13)
-10
Calculate 5 + -9 + 7 - (-1 - (1 - 3)).
2
What is -3 + 28 - (-1 + 2 - -7)?
17
20 - 17 - (27 + -31)
7
Evaluate (-35 - -18) + 19 + -7.
-5
Evaluate 10 - (0 - (43 - 43)).
10
Evaluate 9 + 0 + (-35 - (32 + -45)).
-13
Evaluate -6 + 5 + (7 - ((4 - -3) + -7)).
6
What is the value of (-4 - (3 + -5)) + 34 + -18 + 7?
21
What is -49 + 30 + 26 - (-2 + 2 + -1)?
8
What is (-4 - 3) + -4 - (75 + -79)?
-7
What is the value of (1 - -12) + (-46 - -45)?
12
-15 + 7 + (3 - -2) + -2
-5
-3 - 2 - (2 - (-1 + 3))
-5
Calculate 3 + -3 + -2 + 10 + -11.
-3
Calculate -9 - (7 - (4 - -4)) - -9.
1
What is (-40 - (-24 + 22)) + 35?
-3
Evaluate 7 + 15 + -19 + 15.
18
What is 6 + 2 + (-35 - -31)?
4
Evaluate -14 + 17 - (-26 + 29 - (-1 - -15)).
14
What is the value of -21 + (-2 - (1 + -18))?
-6
What is the value of -713 + 710 + -1 + 27?
23
Calculate (-2 - 0) + (4 - 8 - 4 - -11).
1
What is 3 + (3 - -1) + (-10 + 0 - 10)?
-13
0 - 14 - -5 - (0 - -4 - 1)
-12
What is -3 + 4 + 12 - (-82 + 83)?
12
Calculate 2 + 5 + (-12 - (-1 - 9)) - 17.
-12
What is 3 - -15 - (27 - 8)?
-1
What is -21 - -13 - (18 + -5) - (-6 + 0)?
-15
What is (-2 - 4 - -7) + -16?
-15
Evaluate -1 - (-9 + -2 + 6 + 8).
-4
Evaluate (18 - 15) + -3 + -1.
-1
Evaluate (-11 + -1 - -19) + -3.
4
What is the value of (-7 - 1) + 5 - (19 - (-3 - -4))?
-21
Calculate -18 + 23 - (-4 + (4 + 0 - -11)).
-6
What is (-21 - -14 - (0 + -7)) + (-2 - 12)?
-14
What is the value of -10 - 7 - (22 + -28 - -12)?
-23
6 + (2 - -2) - (-106 - -108)
8
Evaluate -13 + 16 + -10 + 13.
6
-3 + (-2 + -2 - -7) + -7
-7
Calculate 1 - -1 - 14 - (180 - 187).
-5
What is -1 + 2 + (6 - (-3 + -4)) + -3?
11
Calculate (-17 - -1) + 21 + (-42 - -4).
-33
Evaluate -2 + 7 + -10 + (0 - -11 - 5).
1
What is 9 + (-1 - -18) + -29?
-3
What is the value of -18 - (-21 + (-5 - 8))?
16
11 - (1 + 9 + -20 - -10)
11
Evaluate 16 + (0 - 10) + (-5 - -13).
14
Calculate -45 - (6 - (0 - -46)).
-5
Evaluate -168 + 177 + (-31 - -2).
-20
What is the value of 38 + -43 + 3 + -3 + -3 + -8?
-16
What is -49 + 61 + 2 - 7?
7
What is (-3 - -2) + (36 - 36 - (-6 + 0))?
5
What is the value of (-23 - 3) + (-13 - 12) + 38?
-13
Evaluate 8 + (-11 - (-15 - -14)) - -26.
24
Calculate (-117 - -137) + (2 - 14).
8
What is 5 + (-8 + -6 + 11 - 11)?
-9
What is 19 + 6 - 11 - 20?
-6
13 - (3 - (-6 + (1 - 18)))
-13
What is 463 + -492 + 2 + 10?
-17
0 + (-3 + 4 - 0) + 6
7
Evaluate -5 + -1 + 1 - (93 - 117).
19
Calculate 14 + (-26 - -4 - -2).
-6
What is the value of 6 + (-4 - -4) + -3 + -1?
2
What is the value of -26 + 45 + -15 + -22?
-18
-24 + 12 + 28 - 2 - 16
-2
What is the value of 0 - 6 - (-51 + 103 + -46)?
-12
Evaluate -16 + 0 - (261 + -261).
-16
What is (-18 - (-2 + 18)) + 11?
-23
Evaluate (-69 + 80 - (1 + 9)) + 6.
7
Evaluate -3 + (-10 - 1 - (35 - 30)) + 5.
-14
What is the value of -200 - -172 - (2 - 26)?
-4
Evaluate -1 + (2 - 2) - 6 - -1 - 1.
-7
38 - (26 - 4) - (2 - (-3 + 0))
11
What is the value of -10 + 9 + 1 - (10 + 0)?
-10
Evaluate 1 + -15 - -4 - (-42 - -54).
-22
(13 - 0) + 3 - (11 - 15 - -11)
9
What is (311 - 296) + (-15 - 0)?
0
What is the value of 26 - (-5 - (23 + -24)) - (1 + 1)?
28
Evaluate 6 + -30 + 10 - -30 - 24.
-8
Calculate 3 - 8 - (-7 - (26 - 6)).
22
Calculate 13 - -3 - (3 + 14 + (-15 - -5)).
9
Evaluate 15 - (5 + 2 - -17).
-9
What is (-15 - (-8 - -4)) + 12 + -13?
-12
Calculate -11 + -19 + 26 - -15 - (5 + 0).
6
(18 + -13 - (1 + 2)) + (-36 - -41)
7
What is 13 + -13 + 0 + -15?
-15
Evaluate 0 - (12 + -15 + -13).
16
Calculate 7 - (-4 - (-10 - (-4 + (-6 - -6)))).
5
What is the value of (-10 - (-1 + 5) - -8) + 12 + -18?
-12
Evaluate 17 + 2 + -6 + (5 - -5) + -8.
15
What is 6 + (-22 - (7 - 17)) - -13?
7
Evaluate 4 - 11 - (-31 + 10 + -2).
16
-15 - (6 - 25) - 17
-13
Evaluate 48 + -38 + (3 - 2) + 7.
18
What is -20 + 3 - (-6 + -22)?
11
What is the value of 12 - (6 + -3 - -9) - (3 - -1)?
-4
What is (3 + -4 + -2 - 8) + 12?
1
Calculate -18 - (-2 - (9 + -6 + 2)).
-11
Evaluate (-1 - 1) + (-100 - -121).
19
Evaluate -4 - (18 + -12) - -17.
7
What is the value of -17 + (-23 - -25) + -5?
-20
What is the value of 4 + (-9 - -1) - -6?
2
What is the value of (126 - 110) + (-13 - -1)?
4
Evaluate 5 - ((-9 - 1) + 11) - (-1 - -10).
-5
What is the value of -10 + (-3 - (-4 + -6)) - 8?
-11
What is the value of -25 - 1 - (144 + -162)?
-8
What is the value of -14 + 18 + -2 + (-6 - -7)?
3
What is 16 + -12 - ((-1 - -6) + -3 - 6)?
8
-18 - ((-12 + 15 - 14) + 4)
-11
What is (18 + -19 + 9 - 28) + 11?
-9
What is (46 - 20 - 40) + (2 - -21)?
9
10 + (-9 + -15 - -13)
-1
What is the value of -4 - (12 + -19 - -11)?
-8
What is the value of (1 + -5 - (-1 + 3)) + -605 + 605?
-6
Calculate (-1 - 1 - -12) + (-11 - -1 - -11).
11
Evaluate -2 - -10 - 1 - (-13 + 31).
-11
Evaluate 30 + (-38 + 35 - 4).
23
What is the value of -1 + -8 + 156 + -156?
-9
What is (-23 - -20) + -10 + 21?
8
1 + 0 - (0 - (26 - 13))
14
Evaluate (141 - 137) + (-1 - 10) - (10 + -3).
-14
Evaluate (31 - 42) + -6 + 3 + 15.
1
What is (-3 - -3) + 0 + 8 + 1194 + -1201?
1
Calculate 20 + -8 + -6 - -4.
10
Evaluate 0 + 8 + -8 - (2 + (-13 - 6)).
17
What is the value of 1 - -5 - (-8 + (-6 - (-7 + 3)))?
16
What is the value of -4 + (3 - -25) + -3?
21
Evaluate 4 + 5 + -4 + (-8 - -9).
6
What is (38 - 47) + -1 + 0?
-10
Calculate -6 - (-2 - (-9 + 20)).
7
-10 + 3 - 1 - 14 - -5
-17
What is (-2 - -5) + -13 + 5?
-5
What is the value of -7 + 7 + (9 - 1) - (62 - 67)?
13
Evaluate 1 + 15 - 4 - (4 + -5 - 7).
2